*2 - 7*z - 3. List the prime factors of x(-3).
2, 3
Let a be ((-2)/4)/(7/(-126)). Suppose 0 = -3*b + 93 - a. What are the prime factors of b?
2, 7
Let w(z) = 2*z**2 + 7*z + 6. Let p be 2/(-6) - 33/9. List the prime factors of w(p).
2, 5
What are the prime factors of ((-124)/(-12))/(1/18)?
2, 3, 31
Let p(w) = 8*w - 11. List the prime factors of p(5).
29
Let a be (-8)/(-6)*(4 + -1). Suppose a*t - 39 = -15. Suppose t*x = -3*f + x + 21, x = 2*f - 14. List the prime factors of f.
7
Suppose 4*v = -25 - 27. Let n = 9 + v. List the prime factors of (n/(-10))/(3/60).
2
Suppose -o = -2*o + s + 13, -2*s + 64 = 4*o. Let w = o + -10. What are the prime factors of w?
5
What are the prime factors of 1/2 - (-2000)/32?
3, 7
Suppose -2*g + 300 = 3*g + 5*v, 3*g = 3*v + 174. Suppose 0 = 5*m - 1 - g. What are the prime factors of m?
2, 3
Suppose 0*a = -2*a. Let o be 6/4*4/3. Suppose -n = t - 8, a*t - o*t + 3*n + 31 = 0. List the prime factors of t.
11
Let q(d) = -d**3 + 4*d**2 - 3*d - 4. Let t(i) = -i**2 - 6*i + 4. Let z be t(-6). Let k be q(z). Let v = -8 - k. List the prime factors of v.
2
Suppose -2*b = -d + 5, -b - 4*b - 12 = -3*d. What are the prime factors of 43*(d + 4 - 2)?
43
Suppose y + 3 + 10 = 0. Let n = 18 + y. Suppose -2*u + 17 = -5*z - 15, n*u - 34 = z. List the prime factors of u.
2, 3
Let b(m) = -3*m - 13. Let i be b(-7). Let g(d) = -4*d - 15. Let o(t) = t + 5. Let p(y) = -2*g(y) - 7*o(y). List the prime factors of p(i).
3
Let y(j) = 2*j**2 - 2*j + 17. List the prime factors of y(5).
3, 19
Let a = 247 - 85. List the prime factors of a.
2, 3
Let w be 2/(5 + -3) + 1. Suppose 18 = w*l + l. List the prime factors of l.
2, 3
Suppose 10*j = -3*j + 3003. List the prime factors of j.
3, 7, 11
Let z(w) = 66*w**2 + w + 1. List the prime factors of z(-1).
2, 3, 11
Suppose 48*f - 81 = 45*f. What are the prime factors of f?
3
Let t be ((-8)/(-6))/(2/3). Suppose 0*o + t*o = 22. List the prime factors of o.
11
Let v = 56 + -39. List the prime factors of v.
17
Suppose 2*t + 92 = 514. List the prime factors of t.
211
Suppose 0 = -2*h + 9 + 1, -2*h = 2*d - 70. What are the prime factors of d?
2, 3, 5
Let a be (-3 + 0 - -5) + -7. Let i = 113 + -173. List the prime factors of ((-2)/(-4))/(a/i).
2, 3
Let v(y) = y**3 + 5*y**2 - 4*y + 7. Let q be v(-6). Let n = 9 + q. Suppose 0*j = n*j - 52. List the prime factors of j.
13
Let q(x) = x**2 + 2*x - 2. Let f(w) = -2*w**2 - 4*w + 3. Let v(t) = 3*f(t) + 5*q(t). Let m be v(-1). Let y = 6 - m. List the prime factors of y.
2, 3
Suppose -227 - 102 = -7*g. List the prime factors of g.
47
Let g(m) = 2*m**2 - 6*m - 5. Let y(q) = q**2 + q + 1. Let h(c) = g(c) - y(c). Let u be h(9). What are the prime factors of 4/u*54/2?
3
Let k(r) = r**3 + 13*r**2 - 10*r - 26. List the prime factors of k(-12).
2, 7, 17
Suppose 2 = 5*p - 4*p. Suppose 3*m - 90 = -p*q, -2*m + 12 = 2*q - 74. List the prime factors of q.
3, 13
Let k = -1 - -7. Suppose -3*r + 2*r + 6 = -2*x, x + 3 = 2*r. Suppose r = -k*b + b + 5, -3 = -y + 2*b. List the prime factors of y.
5
Suppose -9*l = -5*l - 148. What are the prime factors of l?
37
Let f = 417 + -699. What are the prime factors of (-4)/20 + f/(-10)?
2, 7
Suppose -4*r = 3*q - 2*r + 39, 5*q + 63 = -4*r. Let o = q - -30. What are the prime factors of o?
3, 5
Let t = 5 - -9. Suppose 4*y = -2*v + 6 + t, 5*y = 15. Suppose 3*o - 2*f = -o + 22, v*f = o - 2. List the prime factors of o.
2, 3
Suppose -4 = -s - 0*s. List the prime factors of 110/s + (-15)/(-30).
2, 7
List the prime factors of -2 - (93 + -3)/(-3).
2, 7
Suppose a = -r + 3, -2*r - 15 = -4*a - 3*r. Suppose 11 = a*u + 4*v - 9, 2*u - 5*v = 31. What are the prime factors of u?
2
Let j = -33 - -54. Let d = j - 2. What are the prime factors of d?
19
Suppose 5*g - 17 = -4*s, 7 = s + 2*g + 2. What are the prime factors of s?
3
Let l be 0 + 1/2*10. Suppose -y = -2*y - l, -5*y + 20 = 5*q. List the prime factors of q.
3
Suppose 0*t + 2 = -2*t, 4*f = -4*t + 16. Suppose -3*p = -f*p + 14. What are the prime factors of p?
7
Let w(o) = 13*o - 32. List the prime factors of w(6).
2, 23
Let a(w) = 8*w**2 + w + 1. Let u be a(-1). Let b = -5 + u. Suppose -b*m - 4*y + 19 = -13, -m + 16 = -4*y. What are the prime factors of m?
2, 3
Suppose 0 = l + 3*s + 12, -5*l + 4*s - 41 = 0. Let k = l - -16. Let z = k - 0. What are the prime factors of z?
7
Let u be 10/15 - 14/(-6). Suppose u*h - 60 = -h. Let s = h + -11. What are the prime factors of s?
2
List the prime factors of (4 + (-1041)/(-9))*3.
359
Let p(k) = -k + 6. Suppose -3*u - u + 60 = -3*d, 2*d + 20 = u. Suppose -q = a + 8, -5*a = q - 2*a + u. List the prime factors of p(q).
2, 3
Suppose -5*h + 24 = i, 5*i + 0*i - h - 198 = 0. What are the prime factors of i?
3, 13
Let t(a) = a**3 + 3*a**2 - 5*a. Let i be 3/1*4/(-3). Let k be t(i). Suppose 0*x + 2*p + 2 = k*x, -x - 2*p = -8. What are the prime factors of x?
2
Suppose 4*n = 20, 5*k + 0*n - 290 = 2*n. Suppose 0 = -6*f + 3*f + k. What are the prime factors of f?
2, 5
Suppose 3*d = n - 0*d - 55, 0 = -4*n + 5*d + 255. List the prime factors of n.
2, 5, 7
Suppose 21*r - 618 = 15*r. What are the prime factors of r?
103
Let k be 4 + -5 + (-1 - -2). Let t be -2 + 0 + -1 + k. Let w = t - -17. What are the prime factors of w?
2, 7
Let g be ((-5)/(-2))/(5/10). Suppose -g*a + 52 = -a. Let u = a - 8. List the prime factors of u.
5
Let w(o) = 4*o**3 + 3*o**2 - o + 1. List the prime factors of w(2).
43
Suppose -a - t + 340 = 0, -144 = 3*a - 3*t - 1170. List the prime factors of a.
11, 31
Let k(o) = -o**3 - 7*o**2 - 7*o - 2. Let x be k(-6). Suppose 0 = -4*i + 3 + 65. Suppose -x*z + 69 = i. List the prime factors of z.
13
Let p(h) = -h**2 + 2*h. Let m be 1*(-1 - -2) - -2. Let u be p(m). What are the prime factors of (-4)/(-12) - 23/u?
2
Suppose 4*s + 36 = 5*s. Let j = -23 + s. What are the prime factors of j?
13
Suppose 128 = 2*u - 5*p, -2*p - 94 = -u - 7*p. List the prime factors of u.
2, 37
List the prime factors of (-6)/27 + 2830/18.
157
Let k = 64 + -59. List the prime factors of k.
5
Let j = -481 + 731. List the prime factors of j.
2, 5
Let x(f) = 23*f**2 + f + 1. What are the prime factors of x(-1)?
23
Suppose 5*u - 610 = 5*v, 3*u - 381 = -5*v + 9. List the prime factors of u.
5
Let p(y) = 6*y**3 - 10*y**2 + 17*y + 2. Let r(q) = 5*q**3 - 10*q**2 + 16*q + 2. Let a(x) = -6*p(x) + 7*r(x). List the prime factors of a(-11).
13
Let p(k) = -19*k - 8. What are the prime factors of p(-2)?
2, 3, 5
Let s = -87 + 219. What are the prime factors of (-3)/15 - s/(-10)?
13
Suppose -2*h + 36 = -r - 143, -379 = -4*h - 5*r. List the prime factors of h.
7, 13
Suppose -36 = 2*i - 112. What are the prime factors of i?
2, 19
Let y be (9 - 6)*2/2. Let l(o) = o**2 + 3*o + 2. Let v be l(-2). Suppose v = -t + y*t - 4. What are the prime factors of t?
2
Suppose -10*l + 6*l = -64. List the prime factors of l.
2
Suppose -4 = -2*i + 26. List the prime factors of i.
3, 5
Let b be 3 + (-3 + 9)/2. Let z be (-12)/b*2/4. What are the prime factors of 9 - (-3 - z)/1?
11
Let w = 84 + -36. What are the prime factors of w?
2, 3
What are the prime factors of (0 - 2 - -1)*-65?
5, 13
Let i = 9 + -3. Suppose -5*q - 28 = -i*q. What are the prime factors of q?
2, 7
Let u(q) = q**3 - 23*q**2 + 28*q + 14. What are the prime factors of u(22)?
2, 73
Let c(y) = -2*y**3 - 4*y**2 - 2*y + 2. Let d be c(-2). Suppose -4 = p - d. Suppose -2*z = -4*b + 20, p*z + 11 = 3*b - 2. What are the prime factors of b?
7
What are the prime factors of 2 - (-37 - (-3 - -3))?
3, 13
Suppose 0 = -b + 5 - 2. Suppose 0 = 3*y - 12 - 3, -b*s - 4*y = -104. Suppose 5*w - w - s = -4*l, 5*w - 75 = 3*l. What are the prime factors of w?
2, 3
Let d = 210 - 73. What are the prime factors of d?
137
Let q(i) be the third derivative of -5*i**4/24 + 5*i**2. List the prime factors of q(-4).
2, 5
Let i be (-5)/3*(-3 - 0). Let b = 17 - i. Suppose u - b + 4 = 0. List the prime factors of u.
2
Let m(t) = t**2 - 7. What are the prime factors of m(7)?
2, 3, 7
Let t = 22 + -16. Let h = 23 - t. What are the prime factors of h?
17
Let v = 33 - 15. Let x = -25 + v. Let q(b) = -b**2 - 9*b - 4. List the prime factors of q(x).
2, 5
Suppose -w = 4*w - 180. Suppose -2*o = -4*j + 34 + w, 4*j - 73 = 5*o. What are the prime factors of j?
17
Let o be (-2)/9 + 66/297. Let s(d) = 4*d - 3*d + 20 + 0*d. 